. Let t = 7 + -3. What is l(t)?
-9
Let q(j) be the first derivative of -j**4/4 - 5*j**3/3 - j**2 - 3*j - 2. Determine q(-5).
7
Let t = -14 + 19. Suppose -5*b - t*h = 0, 0*b - 2*b = 4*h + 4. Let n(z) = -4*z + z**2 + 3*z + 0*z**2. Determine n(b).
2
Let s(y) = -1 + 2*y + 13*y**2 - 33*y**2 + 18*y**2. Calculate s(2).
-5
Let f = 7 - 4. Let q(y) = -5*y**3 - 5*y - 1. Let b(j) = 11*j**3 + j**2 + 11*j + 3. Let w(l) = 4*b(l) + 9*q(l). What is w(f)?
9
Suppose 6 = 2*v + 22. Let h be 49/14*v/(-7). Let y(u) = -u**2 + 4*u - 6. Give y(h).
-6
Let n(k) = -k - 2. Let o(c) = 5*c + 1. Let u be o(1). Let g(v) = 2*v - 4. Let w be g(u). Suppose w = 3*p + p. What is n(p)?
-4
Let c(m) be the first derivative of -m**4/4 - m**3/3 + 2*m - 1. Let i be 3*((-24)/9 - -2). Determine c(i).
6
Let m(q) = -q**2 - 6. Let u be 2 + -1*9 - -3. Let o(j) = -j**2 + j - 6. Let b(l) = u*m(l) + 5*o(l). What is b(4)?
-2
Let i be 1/2*(16*-11)/(-8). Let r(u) = u**2 - 10*u - 16. Give r(i).
-5
Let z(n) = 2*n**2 + 8*n - 6. Let t(r) = -7*r**2 - 13*r + 14. Let q be t(1). Determine z(q).
18
Suppose -2*s - 6*s + 16 = 0. Let a(x) be the first derivative of -2 - 3/2*x**s + 1/3*x**3 - x. What is a(3)?
-1
Let y be (-5 + 2)/(12/(-8)). Let l(s) = 3*s + 4*s**2 - 2 - 6*s**2 + 4*s**2 - 4*s**2. Give l(y).
-4
Suppose q + 4*m = -0*m + 12, 0 = 2*m - 4. Let o be 3/(-12) + 9/q. Let c(n) = 5*n - o + 0*n**2 + 2*n**2 + 0*n**2 - 1. What is c(-4)?
9
Let j(n) = -2*n**3 - n + 10*n**3 - 10*n**2 + 12*n**2 + 9*n**3. Calculate j(1).
18
Let n(g) = 10*g - 1. Let z = -18 + 19. Determine n(z).
9
Let g = -3 - 0. Let c(f) = -3*f**2 - 2*f + 3. Calculate c(g).
-18
Let x(i) = -2*i**2 - i + 1. Let j = -26 - -24. Determine x(j).
-5
Let s(a) = 2*a**2 - 5*a + 2. Let h(u) = -10*u**2 + 25*u - 10. Let v(w) = -2*h(w) - 11*s(w). Determine v(3).
-5
Let o(f) = f. Let c(g) be the third derivative of -g**5/60 + 5*g**4/24 + g**3/6 - 2*g**2. Let v(l) = c(l) - 3*o(l). Calculate v(2).
1
Let p be -10 + 8 + 5*1. Let l(j) = j + 5. Let s(d) = -3. Let h(b) = p*l(b) + 5*s(b). Let y = 1 + 0. Calculate h(y).
3
Let x(k) be the first derivative of k**7/840 + k**6/120 + k**5/120 - k**3/3 - 5. Let z(a) be the third derivative of x(a). Give z(-2).
2
Suppose -4*j + m - 8 = 0, -2*m - 11 = 5*j - 1. Let o = 9 - 4. Let l(b) = 0*b**2 + 8 + 2*b - o + b**2. Give l(j).
3
Let y(m) be the third derivative of -m**6/120 - m**5/20 + m**4/8 + 2*m**3/3 + 32*m**2. What is y(-4)?
8
Let q(m) = -3*m**2 + 2*m - 4 + 4*m**2 - 3*m**2 + m**2. What is q(3)?
-7
Let v(c) = -c**3 - c**2 - c. Let z(t) = -4*t**3 - 11*t**2 - 4*t - 3. Let p(w) = -5*v(w) + z(w). Give p(6).
3
Let x(w) = -w**3 + 2*w**2 + 6*w - 3. Suppose -4*l - 3*b = -l - 3, 2*b = 3*l - 13. Suppose 5*v - 4*m = 28, -12 = -v + m + l*m. What is x(v)?
-11
Let f(c) = -3*c + 4*c - c + 2*c - 2. Calculate f(5).
8
Let w(y) = -4 + y + 0 - 4*y**2 + 4. Suppose -3*b + 5*n = 17, -2*n + 4*n - 5 = 3*b. Calculate w(b).
-3
Let g(s) = s - 4*s**2 + 5 + s**3 - 2*s**3 + s - s**2. What is g(-5)?
-5
Let h(k) = 1 + 4 - 5 + k - 3. Determine h(0).
-3
Let w(k) = -6*k + 13. Let c(z) = z - 1. Let m = 1 + 0. Let r(h) = h. Let q(l) = m*r(l) - 2*c(l). Let f(j) = -39*q(j) + 6*w(j). Determine f(2).
6
Let r(u) = -u**2 - 6*u - 3. Let k be 8*(-5)/((-30)/(-3)). Determine r(k).
5
Let d(n) = -2*n**3 + 4*n**2 - 2*n. Let v(a) = a**3 + 25*a**2 - 24*a + 54. Let w be v(-26). What is d(w)?
-4
Let p be (0 - 3) + 122/40. Let z(o) be the second derivative of -2*o + 0*o**2 + p*o**5 + 1/6*o**4 - 1/6*o**3 + 0. Calculate z(-3).
-6
Suppose -4*q = q - 15. Let s(w) = -2*w + 1. Give s(q).
-5
Let z(x) = 11*x**2 + 7*x - 12. Let m(d) = -5*d**2 - 4*d + 6. Let c(u) = -9*m(u) - 4*z(u). What is c(-7)?
-13
Let j(o) = -6*o**2 + 1. Let r = -11 - -14. Suppose r = -m - 2*m + 5*d, -4*d - 3 = 3*m. What is j(m)?
-5
Let o be (-24)/(-8)*(0 - 1). Suppose -a + 3 = -0*a. Let v(g) = 0*g**3 - 3*g**3 + g + 2*g**a - 3*g**2 - 4. Give v(o).
-7
Suppose 0*w + 4*w - 12 = 0. Suppose -w*o + 34 = 5*j + 7, 4*j + 5*o - 19 = 0. Let d be -3 + j/(1*-3). Let s(x) = -x. Determine s(d).
5
Suppose -4*j - 13 + 9 = 0. Let u(h) be the first derivative of -5*h**4/2 + h + 1. Calculate u(j).
11
Suppose 7*n = 4*n + 3. Let g(q) = -4*q**3 + 2*q - 1. Determine g(n).
-3
Let n(r) be the second derivative of -r**5/60 + 3*r**4/8 - r**3/2 + 9*r**2/2 + 5*r. Let u(h) be the first derivative of n(h). Calculate u(6).
15
Let k(c) = -6 + 4*c - 11 + 20. Let r = 1 + -3. Calculate k(r).
-5
Let i(s) = s**2 + 7*s + 6. Let n(j) = 1. Let u(l) = i(l) - 5*n(l). Determine u(-7).
1
Let v = -6 - -3. Let b(l) = l**3 - 5*l**2 + 4*l + 5*l**2 + 5*l**2. What is b(v)?
6
Suppose 3*w - z = -2*z + 1, -w + 3*z - 3 = 0. Let b(o) = 4*o - 1. Let l be b(2). Let h(r) = 2*r**3 - 3*r**3 - 7*r**2 + 6*r**2 - l. Calculate h(w).
-7
Let c be (-24)/(-48) + 14/(-4). Let o(z) = z**3 + 2*z**2 - z + 4. Give o(c).
-2
Let j(s) = 2*s + 7. Let u(g) = -5*g - 22. Let f be (-69)/9 + (-1)/3. Let x(o) = f*j(o) - 3*u(o). What is x(0)?
10
Let m(z) be the third derivative of -z**6/360 + z**5/20 - z**3/3 - 3*z**2. Let o(h) be the first derivative of m(h). Determine o(5).
5
Let p(q) = -q**2 + 8. Suppose 3*s - 6 = -0*s. Suppose -s*o = 2 - 6. Suppose 0*l + o*h + 4 = 5*l, 4*h = -5*l - 8. Determine p(l).
8
Suppose -46 = 4*s + 5*y, 4*s + y + 12 = -26. Let c be (-1)/2*18/s. Let k(v) = v. Let x(a) = 10*a + 1. Let q(r) = 3*k(r) - x(r). What is q(c)?
-8
Let z(l) = 6*l + 4. Let f(j) = -j**2 + 7*j - 5. Let q be f(6). Let k(v) = 1. Let m(c) = q*z(c) - 3*k(c). What is m(1)?
7
Let r(p) be the third derivative of -p**6/60 - p**5/20 + 5*p**4/24 + p**3/3 + 29*p**2. Suppose 3*z + 9 = -0*z. What is r(z)?
14
Suppose z - 2 + 3 = 0. Let i(d) = -6*d - 1. Give i(z).
5
Suppose 0 = -3*a - 4*h + 8, 0 = 2*h - 5*h - 3. Let p(t) be the first derivative of -t + 3/2*t**2 + a - t**3 + 1/4*t**4. Give p(2).
1
Let a(z) = -z. Let f(s) be the first derivative of s**3/3 - 3*s**2/2 - 4*s + 3. Let h be f(-4). Suppose 5*l + h = l - 4*j, -21 = 3*l + 4*j. Determine a(l).
3
Let j(g) = -3*g - 7. Let x(i) = i + 2. Suppose 0 = -p + q - 8, 0 = -p - 4*q + 12 + 5. Let r(k) = p*j(k) - 8*x(k). Give r(5).
10
Let c(w) = w**2 - 5*w + 3. Let i(b) = b**2 - 2*b + 4. Let j be i(-4). Suppose -2*u = 2*u + 4*f - j, 3*f - 6 = 0. What is c(u)?
3
Let h(y) be the second derivative of y**3/3 - y**2 + y. Suppose -r - 2*j + 34 = -3*r, -64 = 4*r - 3*j. Let t(u) = u**2 + 13*u - 3. Let x be t(r). Give h(x).
-8
Let v(l) = 2*l + 7. Let g(k) = k**2 - 12*k + 14. Let p be g(10). Let h be v(p). Let y(i) = i**3 + 4*i**2 - 5*i + 3. Give y(h).
3
Suppose -5*h - 12 = -42. Let p(a) = -a**2 + 3*a - 1. What is p(h)?
-19
Let h be 1 + (10/(-5) - -4). Let n(a) be the second derivative of a**3/2 + 3*a**2/2 + 3*a. What is n(h)?
12
Let g(o) = -4*o - 15. Let x(l) = 11*l + 44. Let r(i) = -8*g(i) - 3*x(i). What is r(-12)?
0
Suppose 4*j + 22 = 2*w, 2 = 4*w - 5*j - 30. Suppose 0 = 3*y - 3 - 6. Let i(l) = -y - 3*l**2 + 5*l - 1 + 1 + 2*l**2. Give i(w).
3
Let n = -12 - -15. Let w(z) be the third derivative of -z**4/12 + z**3/6 - z**2. Give w(n).
-5
Let b(r) be the second derivative of 5/12*r**4 - r**2 + 0*r**3 + 1/20*r**5 - 4*r + 0. What is b(-5)?
-2
Let f(r) be the first derivative of r**4/4 + r**3/3 + r**2/2 - 4*r - 6. Determine f(0).
-4
Let r(i) = -3*i - 1. Let x be (-44)/10 + 12/30. Let n be (-5 + 7)/(x/(-6)). Let q = 1 - n. What is r(q)?
5
Let o(z) = 0 + 3 + 8*z**2 + 11*z**2 - 18*z**2 + 4*z. Calculate o(-2).
-1
Let d(w) = w**2 - w - 4. Suppose -3*q = -o + 10, 5*o - 8*q + 4*q = 28. Determine d(o).
8
Let f(d) = -d - 3. Let q be f(3). Let n be -2 - 0 - 1*q. Let t(k) = -3 + 8*k - 4*k - 1 - 3*k. Determine t(n).
0
Let k(s) be the second derivative of s**3/3 + s**2/2 - 2*s. What is k(2)?
5
Let v(u) = -u**3 + 5*u**2 + 8*u - 8. Let d be v(6). Let y(q) = -d + 4*q**2 + q**3 + q + 2*q - 5*q. Suppose w + 1 = -f - 1, -10 = -5*w. What is y(f)?
4
Let t be 12/9*6/4. Let v(w) be the first derivative of -7/2*w**t - 1 - w. Determine v(1).
-8
Let r(q) = q**2 - 2*q + 2. Let f(d) = -d**3 + 4*d**2 + 4*d + 7. Let g be f(5). Let j be r(g). Let n(z) = 2*z**j - 4*z - z**2 + 0 - 5. Determine n(5).
0
Let z = 8 - 5. Let n(l) = -2 - z*l + 2*l + 3*l. Calculate n(2).
2
Let u(i) be the third derivative of i**6/24 - i**4/12 - 2*i**3/3 - i**2. Let d(m) = m**3 - m**2 - m - 1. Let q(w) = 3*d(w) - u(w). Calculate q(-2).
7
Let f(a) 